at is w(t)?
7
Let k(j) = j**2 + j. Let z = 5 - -1. Let a(l) = 4*l**2 + 7*l - 1. Let o(d) = z*k(d) - a(d). Suppose 0 = -g + x + 2, -g + 0*x + 5 = -4*x. What is o(g)?
2
Suppose -8*y - 439 = 633. Let o = -131 - y. Let t(s) = 3*s + 1. Let l(a) = 10*a + 2. Let v(r) = -2*l(r) + 7*t(r). Calculate v(o).
6
Let n(k) = -3*k - 17. Let q be n(-8). Let p(v) = -15 + q + 2*v**2 + 7*v - v**2 + 18. Determine p(-7).
10
Let s(a) = -381 - 20*a - 19*a**2 + 0*a**3 - a**3 + 349. Give s(-18).
4
Let u be ((-252)/(-35))/9 + (-28)/10. Let y(o) = 18*o + 1. What is y(u)?
-35
Let f(v) = -2*v**3 - 2*v + 1. Let x(k) = 3*k**2 + 2*k**3 + 2*k - k**2 - 1 - 2*k**2 - k**2. Let u = -26 + 28. Let c(d) = u*f(d) + 3*x(d). Determine c(2).
7
Let z(n) = n - 3. Let j = 1 - -3. Let s(f) = -2*f + 6. Let v(u) = j*s(u) + 9*z(u). Let w = 145 + -138. Calculate v(w).
4
Let j be 18/27*132/8. Let y(n) = 18*n + 0 - 1 - 3*n - j*n + n**2. Give y(-3).
-4
Let l = -42 - -36. Let z(n) = -5*n - 2. Let q be z(-4). Let j be l + 1 - q/(-9). Let a(o) = -2*o**2 - 5*o - 2. Give a(j).
-5
Let u(n) = 2. Let q(z) = 3*z - 15. Let b(c) = 3*q(c) + 21*u(c). Calculate b(1).
6
Let v(g) be the first derivative of 4*g**2 + 2*g - 1. Let i be (11 + -8 - (-10)/(-6))*(-3)/(-2). Calculate v(i).
18
Let p(z) = -2*z. Let j(f) = -f - 13. Let d be j(-18). Let a(b) = 3*b. Let h(t) = d*a(t) + 6*p(t). Give h(2).
6
Let z(j) = -2*j**3 - j**2 - 2*j - 1. Let o(w) = w**3 + 17*w**2 + 17*w + 21. Let u be o(-16). Suppose d - 4 = 4*c - 2, 4*d + 13 = -u*c. What is z(c)?
2
Let h be 0 - -6 - 1 - (28 - 30). Suppose -6 = -j - h. Let s(x) = x + 1. Calculate s(j).
0
Let s(b) = -b**3 + 4*b**2 - 3*b + 1. Let z be s(3). Let q(t) = 3 + 2 - z - 3*t + 2*t**2 + 0 + t**3. Calculate q(-3).
4
Suppose 0 = h - 9 + 7. Let t(q) = 7 - 18 - 5*q**h - q**3 + 8 - 4*q. Suppose 4*c - 8 = 6*c. Calculate t(c).
-3
Let c(z) be the first derivative of -1 + z**2 - 2*z - 1/4*z**4 - z**3. Let j(r) = r**3 + 8*r**2 + 6*r - 11. Let y be j(-7). Calculate c(y).
6
Suppose 5*s = -0 + 25, -4*t + 63 = 3*s. Suppose -t*x - 16 = 8. Let a(w) = 3*w**3 + 4*w**2 + 3*w + 2. Give a(x).
-12
Let h(t) = 6*t - 8. Let u(j) = -7*j + 9. Let l = 15 + -20. Let w(s) = l*u(s) - 6*h(s). What is w(6)?
-3
Let t(s) = s**2 + 8*s + 4. Let j(w) = -3*w - 14. Let i be j(-3). What is t(i)?
-11
Suppose 2 = 4*u - 3*u. Let v(b) = -10*b - 1. Let w be v(-1). Let o(y) = -22 + 11 + w + y. Calculate o(u).
0
Let j(h) = h**3 - 5 - h**2 + 2*h + 2 + 7*h**2. Suppose 60 = -7*q + 18. Determine j(q).
-15
Let c(y) = 5*y + 4. Let o(f) = -4*f - 22. Let x be o(-5). Let s(g) = -11*g - 8. Let k(u) = x*s(u) - 5*c(u). Calculate k(-4).
8
Let x(m) = m**2 + m - 10. Let b(d) = 4*d**2 - 41*d + 4. Let v be b(10). Calculate x(v).
20
Let u = -5 + 4. Let k(l) be the first derivative of -28*l**3/3 + 145. Give k(u).
-28
Let o = 69 - 66. Let a(y) = 3*y + y**2 - 3*y - 6*y - y**o + 2 - 8*y**2. Calculate a(-6).
2
Let g(n) = -109 + 64 + 48 - 3*n. What is g(4)?
-9
Let h(l) = 5*l + 2. Let c(f) = 34*f - 200. Let i be c(6). What is h(i)?
22
Let m(g) = -g**3 - 8*g**2 + g + 10. Suppose 7*b - 2*b + 25 = 0, -5*i - 3*b - 30 = 0. Let u be (i/(-2))/((-3)/16). Calculate m(u).
2
Let q(o) = -o**3 + 4*o**2 - 2*o + 3. Let k(w) = -17*w**3 + w**2 + 2*w + 1. Let z be k(-1). Let h be (-4*(-15)/(-42))/((-1)/14). Let y = h - z. Determine q(y).
6
Let x(u) = -2*u + 1208 + 1209 - 2417. Let f be (1 - 1)/1 + -1. Give x(f).
2
Let g = -2 - 4. Let a(r) = -r**2 + 0*r**2 - 7*r + 4 - 3. Calculate a(g).
7
Let z(f) = 12*f**2 - 29*f - 9. Let o(w) = -5*w**2 + 12*w + 4. Let k(c) = -5*o(c) - 2*z(c). What is k(-2)?
6
Let m(t) = 2*t + 17. Let x be (-69)/9 + -3 + (-8)/(-3). Calculate m(x).
1
Let k(o) = o**2 + 10*o - 2. Let c be k(-10). Let u(w) = 1 - w**3 - 2*w**2 - 4*w + 3*w - w**2. Give u(c).
-1
Let s(p) be the first derivative of p**2/2 + 6*p + 7. What is s(-7)?
-1
Let z be 11/7 - (-6)/14. Let l(t) = -6*t**2 + t - 5*t**z + 10*t**2. Determine l(4).
-12
Suppose -40 = -13*g + 3*g. Let v(i) = -3 + 6 - 12*i - g. Give v(-1).
11
Let c be (0 - 3)/(6/(-4)). Let n(g) = 2*g**3 - 3*g**3 - 8*g**2 - 5 - 2 + c*g**2. Suppose 0 = -y + 3*y - 4*h + 20, 20 = -4*y - 2*h. What is n(y)?
-7
Let c(h) = h**2 - 6*h + 2. Let p be (4 - 6)*(-3 - 0). Let s(d) = -7*d + 6*d**2 + 2 + 3*d - 5*d**2 - 2*d. Let w(b) = p*c(b) - 5*s(b). What is w(6)?
2
Suppose -5*k - 5*t - 55 = -0*t, 9 = k - 4*t. Let b(z) = 2*z**3 - 9*z**2 + 5*z - 7. Let p(w) = -w**3 + w**2 - 1. Let u(d) = -b(d) - 3*p(d). Give u(k).
-4
Let q(a) = -2*a + 2. Suppose -2*r + 39 = 7*o - 10*o, 3*o - 33 = -4*r. Calculate q(r).
-22
Let k(q) = 1 + 4 - 1 + 18 - q. Let j be k(17). Suppose 0*w - 2*a = w + 9, 5*w - j*a = 30. Let s(o) = 5*o**2 + 2*o - 1. What is s(w)?
6
Suppose -26*i = -11*i + 120. Let n(u) = -11 - 8*u + 2*u**2 - 3*u**2 + 0*u**2. Calculate n(i).
-11
Let d(s) = -s**3 - 5*s**2 - 5*s + 1. Let r(p) = p**3 - 6*p**2 + 5*p + 4. Let v be r(5). Suppose 5*l + 8 = -3*c, -v*c + 9 + 11 = -l. Calculate d(l).
5
Let c = 22 - 16. Let y(v) = v + 1 + 1 + c. Suppose 5*a - 9 = -4*m, 6 + 0 = 3*m + 4*a. Determine y(m).
14
Let d be (58 - 55)/((-6)/(-20)). Let u(m) = -2*m + 24. Give u(d).
4
Let p = 12 - 10. Suppose -15 = -f - 7. Let d(i) = f*i + 2*i**2 - 3*i**p - 7 + 0*i**2. Give d(7).
0
Suppose -39 = -4*q - 3*y, 3*y + 1 + 2 = 3*q. Suppose -8 + 38 = q*g. Let j(z) = z. Give j(g).
5
Let h(v) = 1723*v - 8 + 0*v**2 - 857*v - 867*v + v**2. What is h(-5)?
22
Let g(a) = 5*a**3 - 11*a**2 + 3*a - 6. Let p(c) = 9*c**3 - 21*c**2 + 7*c - 12. Let b(z) = -7*g(z) + 4*p(z). Give b(7).
43
Let c(h) be the first derivative of -h**6/120 - h**5/20 - h**4/12 - h**3/6 + 5*h**2/2 - 20. Let p(u) be the second derivative of c(u). What is p(-2)?
-1
Let w(t) = t**2 - 2*t + 3. Let n be (4/(-3) + 1)*-45. Suppose m - 13 = 5*x + n, 0 = -x - 5. Calculate w(m).
6
Let a(j) be the second derivative of j**4/12 + j**3/3 - j**2 + j + 24. What is a(-5)?
13
Let q(n) be the third derivative of n**5/60 + n**4/2 - 4*n**3/3 + n**2. Let m = 11551 - 11564. Give q(m).
5
Let w(q) = -4*q**2 + 16*q + 3. Let c(b) = -3*b**2 + 12*b + 4. Let z(m) = 5*c(m) - 4*w(m). What is z(3)?
5
Suppose 4*t + 12 = -c, -4*t - 4 = -c + 8. Let i(u) = u + 1. Let b(y) = y + 2. Let n(w) = t*i(w) + 4*b(w). Calculate n(6).
11
Let f(m) = 1 + 1711*m + 1713*m - 3419*m. Suppose -5*l - x + 9 = -0*x, 2*l = 5*x - 18. Give f(l).
6
Let v(z) be the second derivative of -z**4/12 + z**3/2 + 7*z**2/2 - 25*z + 1. Give v(7).
-21
Let u = -1 + 2. Let w be (-3)/((-1)/u - 0). Let m(z) be the second derivative of z**4/12 - z**2 + 32*z. What is m(w)?
7
Let v(w) be the second derivative of -w**4/12 + 3*w**3/2 + w**2/2 - 5*w. Let p be v(10). Let z be p/6*(-14)/(-3). Let f(r) = -2*r - 5. Calculate f(z).
9
Let q be 7 - (4 + -2*3). Let i be 9/q - 1*-3. Let l(d) = d**2 - 3*d - 3. Calculate l(i).
1
Let h(d) be the third derivative of d**9/60480 + 11*d**6/720 - d**5/5 - 9*d**2. Let v(x) be the third derivative of h(x). Determine v(0).
11
Let b(w) = -w**2 + w + 2. Let u(z) = -2*z + 5. Let m(h) = b(h) + u(h). Determine m(0).
7
Suppose 4*h + 3*y - 7 = -39, -25 = 3*h + 2*y. Let x(d) = d - 3. Determine x(h).
-14
Let x(y) = -9*y**2 + 2*y - 7. Let w(s) = 3*s**2 - s + 2. Let p(g) = -7*w(g) - 2*x(g). Suppose -5*n + 5*t = -15, 0 = -5*n + 2*t - 3*t + 9. Calculate p(n).
-6
Let y(k) = -6*k**2 - 6*k - 6. Let j(x) = x**2. Let b(l) = -4*j(l) - y(l). Give b(-2).
2
Let o(m) = m**2 - 9*m + 4. Let a be o(9). Suppose -a*g - 40 = g. Let l(r) = -r - 2. What is l(g)?
6
Suppose -464*d - 6 = -470*d. Let t(j) = -2*j**3 - 2*j**2 + 7*j - 6. Let y(c) = -c**3 + c - 1. Let l(b) = -t(b) + 6*y(b). What is l(d)?
-3
Let d(u) = -u**3 - 5*u**2 + u - 7. Let x(g) = -4*g**2 - 61*g - 20. Let f be x(-15). What is d(f)?
-12
Let p(c) = c - 4. Let s(i) = -5*i + 17. Let q be 3/(-4 + 1)*-2. Let d(y) = q*s(y) + 9*p(y). Determine d(5).
-7
Let r(s) = -2*s**2 + 3*s - 1. Suppose -2*c = -o - 3, -2*o + 1 - 3 = 0. Suppose -c = 2*j - j - k, -3*j = -2*k. What is r(j)?
-3
Let y(n) = -8 - n**3 - n**2 + 5*n - 7 + 18. Let i(p) = p + 39. Let x be i(-42). Determine y(x).
6
Let c(f) = 7. Let s(n) = -n - 1. Let g(z) = -c(z) - s(z). Suppose 66*o - 102 = 49*o. Calculate g(o).
0
Let z be (0/1 - -10)/1. Suppose 22*y - 32*y + z = 0. Let s(k) = 7*k**2. What is s(y)?
7
Let w(u) = -u**3 - 2*u**2 + u - 4. Let s(j) = j**2 - 4*j - 3. Let q be (-72)/(-6)*(-3)/(-9). L